{"id":782,"date":"2018-08-30T13:31:51","date_gmt":"2018-08-30T16:31:51","guid":{"rendered":"https:\/\/isfdsauce-crr.infd.edu.ar\/sitio\/docentes-2\/"},"modified":"2023-04-26T10:30:18","modified_gmt":"2023-04-26T13:30:18","slug":"docentes-2","status":"publish","type":"page","link":"https:\/\/isfdsauce-crr.infd.edu.ar\/sitio\/docentes-2\/","title":{"rendered":"Formaci\u00f3n Inicial y T\u00e9cnica"},"content":{"rendered":"<table style=\"border: 1px solid #5090b0; width: 921px; height: 972px;\" border=\"1\" cellspacing=\"0\" cellpadding=\"0\" align=\"center\">\n<tbody>\n<tr align=\"center\" valign=\"middle\">\n<td style=\"width: 45%; height: 20px; background-color: #ddeaf0; border: #5090b0 1px solid;\" align=\"center\" valign=\"middle\"><span style=\"font-size: small;\"><span style=\"font-family: verdana,geneva;\"><span style=\"color: #3e748e;\"><strong>Carrera<br \/>\n<\/strong><\/span><\/span><\/span><\/td>\n<td style=\"width: 45%; height: 20px; background-color: #ddeaf0; border: #5090b0 1px solid;\" align=\"center\" valign=\"middle\"><span style=\"font-size: small;\"><span style=\"color: #3e748e; font-family: verdana,geneva;\"><strong>Equipo Docente<\/strong><\/span><\/span><\/td>\n<\/tr>\n<tr align=\"center\" valign=\"middle\">\n<td style=\"width: 45%; height: 20px; border: 1px solid #5090b0; text-align: left;\" align=\"center\" valign=\"middle\">Profesorado de Educaci\u00f3n Primaria<\/td>\n<td style=\"width: 45%; height: 20px; border: 1px solid #5090b0; text-align: left;\" align=\"center\" valign=\"middle\">Mat\u00edas Noel Bogado- Maximiliano Alberto Morel- Mar\u00eda Laura Gonzalez Caz\u00f3n- Daiana Cristabel Zena- Fatima Irene Paredes-Vanesa Soledad Aguirre-<\/td>\n<\/tr>\n<tr>\n<td style=\"width: 45%; height: 20px; border: 1px solid #5090b0; text-align: left;\" align=\"center\" valign=\"middle\">Profesorado de Educaci\u00f3n Secundaria en Matem\u00e1tica<\/td>\n<td style=\"width: 45%; height: 20px; border: 1px solid #5090b0; text-align: left;\" align=\"center\" valign=\"middle\">Maximiliano Alberto Morel- Nadia Soledad Schweizer- Diaz Romero Oscar Ignacio- Mar\u00eda Laura Gonz\u00e1lez Caz\u00f3n-<\/td>\n<\/tr>\n<tr>\n<td style=\"width: 45%; height: 20px; border: 1px solid #5090b0; text-align: left;\" align=\"center\" valign=\"middle\">Profesorado de Educaci\u00f3n Secundaria en Lengua y Literatura<\/td>\n<td style=\"width: 45%; height: 20px; border: 1px solid #5090b0; text-align: left;\" align=\"center\" valign=\"middle\">Mariela Liz Meza- Romina Soledad Gauna- Rosa Pompeya Gualtieri- Nancy Bel\u00e9n Arr\u00faa- Sonia Beatriz Suarez<\/td>\n<\/tr>\n<tr>\n<td style=\"width: 45%; height: 20px; border: 1px solid #5090b0; text-align: left;\" align=\"center\" valign=\"middle\">Profesorado de Educaci\u00f3n Secundaria en Biolog\u00eda<\/td>\n<td style=\"width: 45%; height: 20px; border: 1px solid #5090b0; text-align: left;\" align=\"center\" valign=\"middle\">Maximiliano Alberto Morel- Paula Ramona Nu\u00f1ez- Gabriela Vega- Anabella Arrazate- Jos\u00e9 Luis Blanco-<\/td>\n<\/tr>\n<tr>\n<td style=\"width: 45%; height: 20px; border: 1px solid #5090b0; text-align: left;\" align=\"center\" valign=\"middle\">Tecnicatura Superior en Enfermer\u00eda<\/td>\n<td style=\"width: 45%; height: 20px; border: 1px solid #5090b0; text-align: left;\" align=\"center\" valign=\"middle\">Mar\u00eda Itat\u00ed Fern\u00e1ndez- Paula Ramona Nu\u00f1ez- Elida Piciochi- Susana Quiroz- Vanesa Fern\u00e1ndez- Julia Ayala-<\/td>\n<\/tr>\n<tr>\n<td style=\"width: 45%; height: 20px; border: 1px solid #5090b0; text-align: left;\" align=\"center\" valign=\"middle\">Tecnicatura Superior en Infraestructura Inform\u00e1tica<\/td>\n<td style=\"width: 45%; height: 20px; border: 1px solid #5090b0; text-align: left;\" align=\"center\" valign=\"middle\">Rocio Ramirez- Ethel Gauna- Sergio Ramirez- Fernando Galarza- Walter Fanega-<\/td>\n<\/tr>\n<tr>\n<td style=\"width: 45%; height: 20px; border: 1px solid #5090b0; text-align: left;\" align=\"center\" valign=\"middle\">Tecnicatura Superior en Desarrollo de Software<\/td>\n<td style=\"width: 45%; height: 20px; border: 1px solid #5090b0; text-align: left;\" align=\"center\" valign=\"middle\">Rosa Gualtieri- Mariela Meza- Mar\u00eda Laura Gonzalez Caz\u00f3n- Carla Lopez- Susana Quiroz-<\/td>\n<\/tr>\n<tr>\n<td style=\"width: 45%; height: 20px; border: #5090b0 1px solid;\" align=\"center\" valign=\"middle\"><\/td>\n<td style=\"width: 45%; height: 20px; border: #5090b0 1px solid;\" align=\"center\" valign=\"middle\"><\/td>\n<\/tr>\n<tr>\n<td style=\"width: 45%; height: 20px; border: #5090b0 1px solid;\" align=\"center\" valign=\"middle\"><\/td>\n<td style=\"width: 45%; height: 20px; border: #5090b0 1px solid;\" align=\"center\" valign=\"middle\"><\/td>\n<\/tr>\n<tr>\n<td style=\"width: 45%; height: 20px; border: #5090b0 1px solid;\" align=\"center\" valign=\"middle\"><\/td>\n<td style=\"width: 45%; height: 20px; border: #5090b0 1px solid;\" align=\"center\" valign=\"middle\"><\/td>\n<\/tr>\n<tr>\n<td style=\"width: 45%; height: 20px; border: #5090b0 1px solid;\" align=\"center\" valign=\"middle\"><\/td>\n<td style=\"width: 45%; height: 20px; border: #5090b0 1px solid;\" align=\"center\" valign=\"middle\"><\/td>\n<\/tr>\n<tr>\n<td style=\"width: 45%; height: 20px; border: #5090b0 1px solid;\" align=\"center\" valign=\"middle\"><\/td>\n<td style=\"width: 45%; height: 20px; border: #5090b0 1px solid;\" align=\"center\" valign=\"middle\"><\/td>\n<\/tr>\n<tr>\n<td style=\"width: 45%; height: 20px; border: #5090b0 1px solid;\" align=\"center\" valign=\"middle\"><\/td>\n<td style=\"width: 45%; height: 20px; border: #5090b0 1px solid;\" align=\"center\" valign=\"middle\"><\/td>\n<\/tr>\n<tr>\n<td style=\"width: 45%; height: 20px; border: #5090b0 1px solid;\" align=\"center\" valign=\"middle\"><\/td>\n<td style=\"width: 45%; height: 20px; border: #5090b0 1px solid;\" align=\"center\" valign=\"middle\"><\/td>\n<\/tr>\n<tr>\n<td style=\"width: 45%; height: 20px; border: #5090b0 1px solid;\" align=\"center\" valign=\"middle\"><span style=\"font-family: verdana,geneva; font-size: small;\">\u00a0<\/span><\/td>\n<td style=\"width: 45%; height: 20px; border: #5090b0 1px solid;\" align=\"center\" valign=\"middle\"><\/td>\n<\/tr>\n<tr>\n<td style=\"width: 45%; height: 20px; border: #5090b0 1px solid;\" align=\"center\" valign=\"middle\"><\/td>\n<td style=\"width: 45%; height: 20px; border: #5090b0 1px solid;\" align=\"center\" valign=\"middle\"><\/td>\n<\/tr>\n<tr>\n<td style=\"width: 45%; height: 20px; border: #5090b0 1px solid;\" align=\"center\" valign=\"middle\"><\/td>\n<td style=\"width: 45%; height: 20px; border: #5090b0 1px solid;\" align=\"center\" valign=\"middle\"><\/td>\n<\/tr>\n<tr>\n<td style=\"width: 45%; height: 20px; border: #5090b0 1px solid;\" align=\"center\" valign=\"middle\"><\/td>\n<td style=\"width: 45%; height: 20px; border: #5090b0 1px solid;\" align=\"center\" valign=\"middle\"><\/td>\n<\/tr>\n<tr>\n<td style=\"width: 45%; height: 20px; border: #5090b0 1px solid;\" align=\"center\" valign=\"middle\"><\/td>\n<td style=\"width: 45%; height: 20px; border: #5090b0 1px solid;\" align=\"center\" valign=\"middle\"><\/td>\n<\/tr>\n<tr>\n<td style=\"width: 45%; height: 20px; border: #5090b0 1px solid;\" align=\"center\" valign=\"middle\"><\/td>\n<td style=\"width: 45%; height: 20px; border: #5090b0 1px solid;\" align=\"center\" valign=\"middle\"><\/td>\n<\/tr>\n<tr>\n<td style=\"width: 45%; height: 20px; border: #5090b0 1px solid;\" align=\"center\" valign=\"middle\"><\/td>\n<td style=\"width: 45%; height: 20px; border: #5090b0 1px solid;\" align=\"center\" valign=\"middle\"><\/td>\n<\/tr>\n<\/tbody>\n<\/table>\n","protected":false},"excerpt":{"rendered":"<p>Carrera Equipo Docente Profesorado de Educaci\u00f3n Primaria Mat\u00edas Noel Bogado- Maximiliano Alberto Morel- Mar\u00eda Laura Gonzalez Caz\u00f3n- Daiana Cristabel Zena- Fatima Irene Paredes-Vanesa Soledad Aguirre- Profesorado de Educaci\u00f3n Secundaria en Matem\u00e1tica Maximiliano Alberto Morel- Nadia Soledad Schweizer- Diaz Romero Oscar Ignacio- Mar\u00eda Laura Gonz\u00e1lez Caz\u00f3n- Profesorado de Educaci\u00f3n Secundaria en Lengua y Literatura Mariela Liz &#8230; <a title=\"Formaci\u00f3n Inicial y T\u00e9cnica\" class=\"read-more\" href=\"https:\/\/isfdsauce-crr.infd.edu.ar\/sitio\/docentes-2\/\" aria-label=\"More on Formaci\u00f3n Inicial y T\u00e9cnica\">[+]<\/a><\/p>\n","protected":false},"author":36,"featured_media":0,"parent":0,"menu_order":0,"comment_status":"closed","ping_status":"closed","template":"","meta":[],"acf":[],"_links":{"self":[{"href":"https:\/\/isfdsauce-crr.infd.edu.ar\/sitio\/wp-json\/wp\/v2\/pages\/782"}],"collection":[{"href":"https:\/\/isfdsauce-crr.infd.edu.ar\/sitio\/wp-json\/wp\/v2\/pages"}],"about":[{"href":"https:\/\/isfdsauce-crr.infd.edu.ar\/sitio\/wp-json\/wp\/v2\/types\/page"}],"author":[{"embeddable":true,"href":"https:\/\/isfdsauce-crr.infd.edu.ar\/sitio\/wp-json\/wp\/v2\/users\/36"}],"replies":[{"embeddable":true,"href":"https:\/\/isfdsauce-crr.infd.edu.ar\/sitio\/wp-json\/wp\/v2\/comments?post=782"}],"version-history":[{"count":6,"href":"https:\/\/isfdsauce-crr.infd.edu.ar\/sitio\/wp-json\/wp\/v2\/pages\/782\/revisions"}],"predecessor-version":[{"id":1087,"href":"https:\/\/isfdsauce-crr.infd.edu.ar\/sitio\/wp-json\/wp\/v2\/pages\/782\/revisions\/1087"}],"wp:attachment":[{"href":"https:\/\/isfdsauce-crr.infd.edu.ar\/sitio\/wp-json\/wp\/v2\/media?parent=782"}],"curies":[{"name":"wp","href":"https:\/\/api.w.org\/{rel}","templated":true}]}}